(t) be the third derivative of -6 + 4*t**2 - 1/12*t**4 - 2*t**3 + 0*t. Calculate h(-4).
-4
Let x be (9324/180 - 51)*((-5)/5 - 9). Let r(z) = -6*z**3 + 34*z**2 + 14*z - 25. Let k(g) = g**3 - 7*g**2 - 3*g + 5. Let p(j) = 11*k(j) + 2*r(j). What is p(x)?
-19
Let v(g) = 2*g**3 - g**2 - g + 1. Let n(h) = -6*h**2 - 7*h - 5 + 4*h - 5*h**2 - 327*h**3 + 336*h**3. Let y(p) = n(p) - 5*v(p). What is y(-7)?
25
Let l(n) = 7*n + 8. Let i be l(-2). Let j(k) = -13*k - 16. Let t(o) = 2*o + 1. Let g(m) = i*t(m) - j(m). What is g(11)?
21
Suppose 64*s = 60*s. Suppose 13*l = -s*l + 91. Let z(r) = -10*r**2 + 17*r - 34. Let t(j) = 7*j**2 - 11*j + 23. Let c(k) = 7*t(k) + 5*z(k). Determine c(l).
-2
Let d(a) = a**2 - a. Let p(s) = -13*s**2 - 13*s - 13. Let l(m) = 4*d(m) + p(m). Let t(g) = -5*g**2 - 9*g - 7. Let f(v) = -4*l(v) + 7*t(v). Determine f(-3).
-3
Let n(x) be the second derivative of -x**4/6 + x**3/6 + 9*x**2 + 357*x. What is n(-6)?
-60
Let u(q) = q**3 + 12*q**2 + 9. Let p = -2204 + 2192. Calculate u(p).
9
Let q be 8/((-48)/(-10))*27/15. Let k(u) = -7*u + 5*u**2 + 7 + u**q + 2*u + 3*u. Let f = -20 - -14. Determine k(f).
-17
Let v(s) = -3*s + 78. Let z = -2697 + 2726. Determine v(z).
-9
Let b(z) = z**2 - 9*z - 30. Let f be b(-5). Let w be 1 + -5 - 0/f. Let l(c) = -3*c - 3. Calculate l(w).
9
Let l(b) = -b**3 - 7*b**2 - 5*b - 7. Suppose -25*q + 28*q = -3*t - 30, -30 = 5*q - 5*t. Determine l(q).
97
Let s(y) = -2*y**2 + 24*y + 20. Suppose -47*o + 413 + 198 = 0. Calculate s(o).
-6
Let w(a) = -35*a**2 - 26*a + 49. Let v(z) = 25*z**2 + 19*z - 35. Let c(h) = -17*v(h) - 12*w(h). What is c(-5)?
-63
Let w(p) = 7*p + 53. Let u be ((-441)/(-126))/(2/(-4)). Give w(u).
4
Suppose 3*q - 394 + 402 = 11*q. Let d(t) be the third derivative of -t**4 + t**3/6 + t**2. Calculate d(q).
-23
Let d = -5915 + 5950. Let q(w) = w**3 - 35*w**2 - 13*w + 461. What is q(d)?
6
Let x(r) be the third derivative of 28*r**2 + 0 - 1/60*r**5 - 5/24*r**4 + 0*r + 7/6*r**3. Determine x(-7).
-7
Suppose -303*m - 24 - 60 = -289*m. Let a(i) = i**3 + 6*i**2 - 5*i + 14. Give a(m).
44
Let o(r) = -9 + 11*r - r - 32*r + 6*r + 15*r. Give o(-14).
5
Let z = 6 + -10. Let h(q) = -17*q**3 - 40*q**2 - 12*q - 4. Let d(i) = 24*i**3 + 57*i**2 + 18*i + 6. Let f(u) = -5*d(u) - 7*h(u). What is f(z)?
6
Let x(h) = 10*h - 27. Let d be (-92 + 97)/(1 - 0). What is x(d)?
23
Let q = -30 + 17. Let v = -8 - q. Let n(t) = 23 + 14 - t**3 + 5*t**2 - 56 - t + 17. Give n(v).
-7
Let y(a) = -a**3 + 31*a**2 + a - 20. Suppose -4*m + 279 = 5*m. Give y(m).
11
Let f be 1 + (-3 - ((0 - -3) + 1)). Let y be ((-95)/(-57))/((-5)/f). Let j(v) = 8*v - 1. What is j(y)?
15
Let l(d) be the third derivative of 3*d**4/8 - 23*d**3/6 + 18*d**2 - 18*d + 10. What is l(10)?
67
Let m be (11/(-33))/(1/3) - -5. Let n(k) = -5*k**3 + 2*k**2 - m*k**3 + 3*k**3 + 2*k + 20*k**3 + 1. What is n(-1)?
-13
Let o(f) = -5 + 3 + 15*f + 2 + 0 + 3 - 14*f. Let i = -9 - -3. Calculate o(i).
-3
Let v(k) be the second derivative of -4*k**3/3 + 21*k**2 + 5533*k. Determine v(-8).
106
Let j be ((-800)/(-1500))/((-12)/9) - 26/10. Let o(y) = 34*y + 103. Calculate o(j).
1
Suppose 0 = 2*p + 6. Let b be 1 + (6/p - -11). Let i be -1 + b/((-12)/4 - -5). Let q(y) = -2*y + 3. Calculate q(i).
-5
Let i(v) = -v**3 + 3*v**2 + 5*v + 5. Let b be 4 - (-4 + 0 + 4). Let p be i(b). Let t(s) = 1 + s + 12*s**3 - 3*s - p*s**3. Give t(1).
2
Suppose 2*n - 12 = -4*n. Let g(x) = -3*x**3 + 9*x + 4*x**2 - 11*x - 3 + 0*x**2 + n*x**3. Let o be 0 + -2 + (-15)/(-3). What is g(o)?
0
Let y(u) be the second derivative of 3*u**4/4 - u**3/2 - 3*u**2/2 - 52*u. Let m be y(-1). Let r(l) = l**3 - 8*l**2 - 7*l + 11. Calculate r(m).
29
Let d(a) = -16*a**2 - 271*a - 1084. Let r(z) = -15*z**2 - 271*z - 909. Let h(n) = 5*d(n) - 6*r(n). Determine h(-27).
7
Let l(u) = -u**3 + 4*u**2 + 3*u. Let j = 12 - 4. Suppose j*m - 11*m = -24. Suppose 2*a + m*a = -20. What is l(a)?
18
Let s(j) be the second derivative of j**3/6 - 3*j**2 - 581*j - 2. Give s(-30).
-36
Let l(b) be the first derivative of -b**7/840 + b**6/90 - b**4/6 + 215*b**3/3 - 191. Let s(r) be the third derivative of l(r). Determine s(5).
-29
Let h(w) = 62*w**2 + 9*w + 179. Let v(u) = -13*u**2 - 2*u - 36. Let j(a) = 4*h(a) + 19*v(a). What is j(0)?
32
Suppose -2*d = 5*t - 14 + 4, 0 = -d + 5. Let n(b) = -b**2 + 69. Determine n(t).
69
Let i(q) = -2653 + 2*q + 0*q + 2699 + 0*q. Give i(-24).
-2
Let c be (-42)/(-22) + ((-66)/(-121))/6. Let o(d) = -4 - d - 5*d - 291*d**2 + 293*d**c. Give o(6).
32
Let i(j) = 2*j - 1. Let k be i(3). Suppose -3*d + 118 = k*m, 3*d - 4*m - 74 + 1 = 0. Let u = 38 - d. Let f(o) = -o**2 + 6*o + 10. What is f(u)?
3
Let i(u) = u**3 - 3*u**2 + 3*u - 3. Suppose 0 = -4*a + 21 - 13. Suppose -4*g = -m + 22, -a*g = -4*g - 8. Suppose 0 = -m*x + 21 - 3. Determine i(x).
6
Let y = 841 - 836. Let r(c) = 11*c**3 - y*c**2 + 6*c**2 + 8*c**3. Determine r(-1).
-18
Let o(x) = 3*x - 2. Let c be (-24)/(-40) + (-6)/10. Suppose c*q - 2 = q. What is o(q)?
-8
Let z(v) = v**2 - 24. Let o be ((-144)/30 + 6)/((-9)/(-60)). Suppose 4*q - o*q = 20*q. Give z(q).
-24
Let p(c) be the second derivative of -c**5/20 - c**4/12 + 10*c**2 - 5*c. Let r be (1 - 1)*(-3 + 4). Let o be 12/12 + (r - 1). Determine p(o).
20
Let f(m) = m**2 - 6*m - 5. Suppose z = -3*k - 30 - 214, -5*k - 728 = 3*z. Let h = z + 142. Let w be (-20)/(-6)*h/(-55). Determine f(w).
-5
Let p(o) = o**2 - o. Let u(q) = 6*q**2 - 9*q + 7. Let b(n) = 5*p(n) - u(n). Let w = -78291 - -78298. Determine b(w).
-28
Let u(z) be the second derivative of -z**5/20 - z**4/3 + z**3/2 - 2*z**2 + 556*z - 1. Calculate u(-4).
-16
Let r = -4 - -12. Let b(k) = -k**2 + 2*k + 8. Let a be b(4). Suppose a = 3*y - 2*y - 2*q - 1, 2*q = -r. Let m(f) = -f**2 - 6*f + 2. Determine m(y).
-5
Let h(i) = -5*i**3 + 7*i**2 - i - 5. Let t(f) = 22*f**3 - 29*f**2 + 4*f + 20. Let u be 9*(-16)/24*1/(-3). Let s(c) = u*t(c) + 9*h(c). Give s(5).
-10
Let f(z) = 23*z**3 + 245*z**2 - 246*z + 77. Let k(d) = -10*d**3 - 105*d**2 + 103*d - 33. Let s(o) = 7*f(o) + 16*k(o). Calculate s(-37).
11
Let u(j) = 4*j - 19. Let l(z) = -2*z + 12. Let t(f) = -9*l(f) - 4*u(f). Determine t(16).
0
Let w(u) = -u**3 + 8*u**2 + 9*u + 2. Suppose 13*l + 0*l = 117. Let h be w(l). Let f(z) = -4*z**2 + 2*z - 3. Give f(h).
-15
Let d(h) = -14*h + 56. Let x(j) be the first derivative of -5*j**2/2 + 19*j + 10. Let r(i) = 3*d(i) - 8*x(i). Give r(0).
16
Let u(c) = c**3 - 3*c**2 - 5*c + 1. Let q = 58 - 38. Let p(w) = -w + 23. Let i be p(q). Suppose 2*k - 3*j = k + 4, i*k - 5*j = 12. What is u(k)?
-3
Let h(z) = 2*z**3 - 3*z**2 + 5*z - 1. Let w(q) = -5*q**3 + 22*q**2 - 66*q + 10. Let n(i) = -2*h(i) - w(i). Calculate n(11).
3
Let p(m) = m**2 - 3*m - 3. Let o be p(-1). Let a(r) = 16 - 9 - r + 14 - o. Give a(0).
20
Let u(w) be the second derivative of -5*w + w**2 - 2/3*w**3 - 25. Give u(-8).
34
Let c(l) = -l**3 - l**2 + 4*l + 1. Suppose -7*j - 36 = 2*m - 9*j, 6 = 2*j. Let v be m/20 + (-72)/32. What is c(v)?
7
Let v(f) = -f**3 + 4*f**2 + 10*f - 42. Suppose -14*u = 1345 - 1401. Calculate v(u).
-2
Let d(h) be the third derivative of -h**5/15 + 5908*h**2. Let o(r) be the second derivative of -r**4/12 + 3*r**3/2 - r**2/2 + r. Let y be o(9). Determine d(y).
-4
Suppose -25*m + 31*m = 12. Let v(o) = 9*o - 7 - 9*o**m + 9 - 10*o + o**3. Determine v(9).
-7
Suppose 7*p + 322 - 378 = 0. Suppose 12 = -2*f - u, -3*f = -p*f - 4*u - 27. Let o(l) be the third derivative of -l**4/24 - 5*l**3/6 - l**2. Calculate o(f).
2
Let m(g) = g. Let v(c) = -c**2 + 3*c - 3. Let u be v(1). Let t be (-1)/u + 4 + -1. Let i be -5 + 3 + (-2 - t). Determine m(i).
-8
Suppose -17*g - 6 = -14*g. Let q(c) = 2*c + 3. Let a be q(g). Let o be (1*3/(-3))/(a/(-7)). Let p(v) = v**3 + 8*v**2 + 7*v + 3. What is p(o)?
3
Let y(c) = 3*c - 7. Let b(t) = 3*t - 6. Let r(u) = -7*b(u) + 6*y(u). Suppose 0 = 2*x - h - 6, -3*x - 571 = 5*h - 528. Determine r(x).
3
Let j(g) = g**2 + 11*g + 35. Let v be j(-6). Let h(p) = -3*p + 11*p - 3 - 2 + 2. Let l(q) = -3*q + 1. Let z(t) = -4*h(t) - 11*l(t). Determine z(v).
6
Let w be (-100 + 96)*9/(-4). Let p(i) = i**2 - 12*i + 16. What is p(w)?
-11
Let l(r) be the third derivative of r**5/10 - 7*r**4/24 + 3*r**3/2 + 2345*r**2. Give l(4).
77
Let m be -20 + 1/2*(-15 + 15). Let x be -3 + (0 - m/4) + -2. Let v(l) = l + 7. Let k(p) = -p - 8. Let n(c) =